29. What is the units digit of p(9)?
7
Suppose -885 = -3*d + 114. Let y = -250 + d. What is the tens digit of y?
8
Let t(n) = -n**2 + 144*n + 69. What is the thousands digit of t(34)?
3
Let x(g) = 6*g - 156. Let n be x(-17). Let o = 305 - n. What is the units digit of o?
3
Suppose 1418*g = 1443*g - 500475. What is the tens digit of g?
1
Let u be (-1)/2 - 117/(-26). Suppose -10*o + 9*o = -u. Suppose o*x = 9*x - 170. What is the units digit of x?
4
Let i = -2058 - -960. Let s = -496 - i. What is the hundreds digit of s?
6
Let t = 68 - 30. Suppose 5*h - 402 = t. Suppose -2*r = w + 3*w - 116, r - h = 4*w. What is the units digit of r?
8
Let o be (72/(-14))/((-8)/84). Let l = -52 + o. Suppose 0 = -2*v + 2*c + 288, -l*v + 303 = 8*c - 5*c. What is the hundreds digit of v?
1
Let g = -16 + 18. Suppose -g*q + 2*t - 4 + 12 = 0, -4*q + 4 = -t. Suppose 0 = -0*l - l + 3*v + 7, q = -l + 4*v + 5. What is the units digit of l?
3
Suppose 6*f - 8 = 2*f. Let x(y) = -10*y + 3*y - 8 + 6*y**f + y. What is the hundreds digit of x(-4)?
1
Suppose 5*u = 3*u + 64. Let h be (8/(-5))/((-1344)/665 + 2). Suppose -o - 3*b + 52 = -u, 0 = -o - b + h. What is the units digit of o?
2
Let m = -43391 + 87267. What is the thousands digit of m?
3
What is the thousands digit of (-219 - 33)/(-4 + 4328/1084)?
4
Let q(g) = 3*g**2 - 22*g + 4. Let z be q(7). Let y be (-1)/z - (-9262)/33. Suppose -4*x - c = -y, 0 = 3*x + 5*c - 189 - 9. What is the tens digit of x?
7
What is the thousands digit of 4/(-8) - (141547/(-42) - 3/9)?
3
Let n be 12/(-15)*245/(3 - 10). Suppose -n*m - 63 = -35*m. What is the units digit of m?
9
Let s = 9976 - -59112. What is the thousands digit of s?
9
Suppose 236*u - 6227217 = 8929175. What is the ten thousands digit of u?
6
Let r = 22469 - 21461. What is the tens digit of r?
0
What is the units digit of ((-105)/(-42) + 2*-1)/((-7)/(-13678))?
7
Let r(k) = 8*k**2 - 19*k - 394. What is the tens digit of r(23)?
0
Let a = -74 - -89. Let y be 9/a + (-3760)/(-25) + -4. Suppose -t = 5*i - 82 - y, 486 = 2*t - 4*i. What is the tens digit of t?
3
Let p(a) = 6*a + 21. Let h be p(-3). Suppose 5*c - 4*c + h*y - 494 = 0, c - 4*y - 529 = 0. What is the units digit of c?
9
Let v = 378 + 140. Suppose 0 = 13*f - 15*f + v. Suppose 0 = o - 3*w - 73, -f - 201 = -5*o - 4*w. What is the tens digit of o?
8
Suppose 7000 + 3240 = 16*t. Suppose -3*o + 9 + 0 = 0. Suppose o*k + 604 = 4*a - k, -t = -4*a - 5*k. What is the units digit of a?
5
Let s(i) = -19*i + 15. Let p be s(1). What is the units digit of (p/6)/(((-66)/(-5652))/(-11))?
8
Suppose 4*z = 16, -z - 1 - 3 = 2*x. Let g(s) = -s**2 - 5*s - 2. Let c be g(x). Suppose 4*b - 96 = -2*t, -c*b + 0*b + 208 = 5*t. What is the tens digit of t?
4
Let v = 31 + -25. Let w(o) = -10 - 36*o - v + 31*o. What is the units digit of w(-5)?
9
Suppose -l + 19 + 28 = 0. Let g = 49 - l. Suppose -2*q - 360 = -3*x, -5*x - 2*q = g*q - 578. What is the units digit of x?
8
Let i = 31 - 28. Let a be i/((-6)/4) + 113/(-1). Let s = -44 - a. What is the tens digit of s?
7
Let y = -12 - -20. Suppose -20*s - y = -24*s. Suppose s*a + 4 = a, -5*a - 70 = -2*r. What is the units digit of r?
5
Let f = 17604 + -8380. What is the units digit of f?
4
Let d = 7018 - 2630. Suppose 5*n - d = 1267. What is the tens digit of n?
3
Suppose 14*x - 15*x - 309511 = -24*x. What is the hundreds digit of x?
4
What is the tens digit of 12264 + -9 + -20 + (7 - -1)?
4
Let x(s) = 155*s + 6841. What is the units digit of x(-27)?
6
Suppose 0 = g + 2*b - 4569, -5*b = 3*g - 7988 - 5718. What is the thousands digit of g?
4
Let t = 141840 - 86894. What is the ten thousands digit of t?
5
What is the thousands digit of (-10)/(-75) + 912866/255?
3
Suppose 4*i - 4*y - 49008 = 0, -3*i - 5*y = -22262 - 14534. What is the thousands digit of i?
2
Let f(q) = q**3 - 103*q**2 - 309*q + 51. What is the tens digit of f(106)?
0
Suppose -13*o = -8*o - 480. Suppose 4*a + 0*j - j = o, 5*a - j - 119 = 0. Suppose -a*g + 18*g = -405. What is the units digit of g?
1
Let q = 114428 - 73174. What is the units digit of q?
4
Suppose -8*y - y - 2115 = 0. Let p = 493 + y. What is the hundreds digit of p?
2
Let w(m) be the first derivative of -m**4/4 + 2*m**3/3 + 2*m**2 - m + 6. Let r be w(3). Suppose n + 4*n - 26 = r*c, -2*c + 4 = 0. What is the units digit of n?
6
Suppose 0 = -s - 2 - 3, -2*s - 12 = 2*r. Let m be -86 - 3 - (1 + 1). What is the tens digit of (r + m)/(2/(-1))?
4
Let b(y) = 56*y + 44. Let v be b(3). Let r = 413 - v. What is the units digit of r?
1
Suppose 0 = -2*y - 4*d + 14, 5 = 2*d + 3. Suppose -24 = 3*j - 5*x, 3*j + y*x = 4*x - 6. What is the units digit of -5*(j - (-185)/(-25))?
2
Suppose 0 = -3*n - 3*x - 0*x + 552, 178 = n + 3*x. Let t be 2/((-14)/(-3)) + n/(-77). What is the tens digit of 57/(-18) + t/(-12) - -49?
4
Suppose -3*s = -k - 72 - 166, -3*k + 15 = 0. Let z = s - -117. Suppose 2*x - 390 = -4*u, 0 = -x - 0*x + u + z. What is the tens digit of x?
9
Suppose 0 = -w + 3*o + 127, -o - 3*o = -3*w + 376. Let b be (-262)/5 + -9 + 504/60. Let i = b + w. What is the units digit of i?
1
Let x be 32/(-208) + 206/(-13). Let o(f) = f**2 - 13*f - 15. Let c be o(x). Let j = -234 + c. What is the hundreds digit of j?
2
Let t(m) = 2*m - 2. Let x be t(1). Let r = -2 - x. What is the units digit of (-5)/((-5)/r) - 45/(-3)?
3
Let x = 339 - 337. Suppose -17*v + 21964 = x*v. What is the tens digit of v?
5
Let p = -12185 - -23430. What is the tens digit of p?
4
Let k be (7016/(-5))/((-54)/135). Suppose 0 = -4*m + 4*c + k, 4*m + 235 - 3743 = -2*c. What is the hundreds digit of m?
8
Suppose h + 468 - 111 = 4*k, -3*k = -5*h - 272. Suppose -p + 755 = 4*p. Let n = p - k. What is the tens digit of n?
6
Suppose 4*i + 37536 = 7*i + i. What is the thousands digit of i?
9
Let x be 8/(-10) + (-4 - 552/(-40)). Suppose 0 = x*n - 31 + 4. What is the tens digit of (n/2)/((-1)/(-24)) - -1?
3
Let x = -1448 + 4157. Suppose 2*d - d - 680 = 3*n, -x = -4*d + n. What is the hundreds digit of d?
6
Let w = -31745 + 65698. What is the tens digit of w?
5
Let n be (-7 - 8)*(22/(-10) - -2). What is the units digit of (-7392)/(-36) - n*2/(-9)?
6
Suppose -3*h - 6969 = -2*d, -816*h - 5 = -811*h. What is the thousands digit of d?
3
Suppose 4 = -4*n - 4, 5*t + 4*n + 13 = 0. Let y be (11 + t)*9/2. Suppose -60 = -5*l + y. What is the tens digit of l?
2
Suppose 1045772 = 112*k - 60*k. What is the tens digit of k?
1
Let n(h) = 7*h**2 - 391*h. What is the tens digit of n(-7)?
8
Let t be (0 - (-4)/(-1))*(-7256)/(-32). Let f = -601 - t. What is the hundreds digit of f?
3
What is the tens digit of 114/(-18)*(-296 + 2)?
6
What is the units digit of (-1)/(4/(-67832)*2)?
9
Let i(q) be the first derivative of q**4/4 + q**3/3 - 7*q**2/2 - 5*q + 12. What is the units digit of i(3)?
0
Let m(u) = u**3 - 29*u**2 + 27*u + 28. Let c be m(28). Suppose c = -31*b + 29371 - 5687. What is the tens digit of b?
6
Let c(r) = r**2 - 3*r - 10. Let d be c(5). Suppose -q - 3*w + 103 = d, -206 - 127 = -3*q + 3*w. What is the hundreds digit of q?
1
Suppose 27*z - 34*z = 77. Let u(x) = -160*x - 262. What is the tens digit of u(z)?
9
Let l(f) = f**3 - 7*f**2 + 8*f + 7. Let o be l(9). Let m be (-6)/(-9) - 13/((-39)/(-512)). Let r = m + o. What is the units digit of r?
1
Let l = 6155 + -5142. What is the hundreds digit of l?
0
Let j = -3848 + 6212. What is the tens digit of j?
6
Let o = 57 - 55. Let h be (o - 2)/(-2 - -1). Suppose h = 5*x - 3*a - 113, 0*x - 109 = -5*x - a. What is the tens digit of x?
2
Let q(j) = 4*j + 11. Let a be q(0). What is the tens digit of ((2 - a) + 7)*(-326)/2?
2
Suppose 0*u + 5*u - 1565 = 2*g, -4*g = -2*u + 642. Suppose 0 = -z - 3*x + 52, 3*z - 2*x = -2*z + u. What is the units digit of z?
1
Suppose -8*t - 4*t + 5*t = 0. Suppose t = 3*l - 2*j - 2394, 3*l + 3*j = 2*l + 809. What is the units digit of l?
0
Let x(l) = -44*l - 138. Suppose 404 = -41*s + 117. What is the tens digit of x(s)?
7
Let q be (-1308)/(-8) + 1/2. Let o(g) = g**3 - 5*g**2 - 68*g + 58. Let v be o(12). Let n = v - q. What is the tens digit of n?
8
Suppose 9*h + 2478 = -5*h. Let o = -124 - h. Suppose 0 = -t - 5*r + o, -3*r + 6 = -0*r. What is the tens digit of t?
4
Let s(t) = 1096*t**2 + 202*t - 14. What is the hundreds digit of s(5)?
3
Suppose -v = -3*r, 0 = 2*r + r + v. Suppose -4*f + 2*h = -